er?
True
Suppose 4*f + 14 = -146. Is -5*(-4)/f*-74 a prime number?
True
Is 169/3 - 3 - 2/6 a prime number?
True
Suppose -4*w + 2*w = -28. Let t = w - 9. Suppose 5*x = 3*l - 6*l + 258, -458 = -t*l + x. Is l prime?
False
Let l = -12 - -63. Let g = 2 + l. Is g prime?
True
Let r = 157 - 98. Is r a prime number?
True
Let r = 0 - -2. Is (-455)/(-14)*r*1 composite?
True
Let v(b) = b**3 - b + 529. Is v(0) prime?
False
Let u = -347 + 598. Is u a prime number?
True
Let g = -8 - -10. Let o = 23 + g. Is o a prime number?
False
Suppose -3*y - 5*w + 276 = 0, 5*y - w - 420 = 4*w. Is y prime?
False
Let r(q) = 64*q - 2. Is r(4) prime?
False
Suppose 5*c = f + 2*f - 77, 4*c - 54 = -f. Let p = -16 + f. Is -3 + 5 + (p - 1) prime?
True
Suppose -4*i + 3*i = -581. Is i composite?
True
Let y = 54 - -66. Let a = 269 - y. Is a a prime number?
True
Let g = 183 + 0. Is g a prime number?
False
Let g = 6 - 4. Suppose -2*c - 4*m + 62 = 0, g*m = 4*c - 0*c - 74. Is c prime?
False
Suppose -1004 = 3*b + 208. Let t = 565 + b. Is t composite?
True
Suppose -2*o - w = -93 - 87, -4*w + 83 = o. Let n be o/(-2)*(3 - 1). Is -5 + 5 + (0 - n) composite?
True
Let t = 146 - 97. Suppose 5*d = 4*z - 44, -2*d + 4*z - 20 = d. Let k = d + t. Is k composite?
False
Suppose 4*b - 17 = -5. Let h = 118 - b. Is h a composite number?
True
Is ((-54)/(-36))/((-6)/(-1772)) a composite number?
False
Let h be 1829/9 - (-2)/(-9). Let v = h + -126. Is v a prime number?
False
Let j(g) = 30*g**2 - 4*g - 23. Is j(9) a composite number?
False
Suppose -1 = -2*o + o + 2*s, 4*o = -s - 5. Let t(w) = -2 + w**2 + 19*w**3 - 93*w**3 + 1. Is t(o) a composite number?
True
Let m(h) = -11*h**2 - 21*h - 7. Let p(q) = -5*q**2 - 10*q - 3. Let c(y) = 4*m(y) - 9*p(y). Let z be c(-6). Is (-2)/z + (-29)/(-1) a prime number?
True
Suppose g - 72 = -3*g. Suppose 5*t + 4*u = g, 3*t - 5*u = -0*u - 4. Is -4 - -2 - (-153 + t) prime?
True
Let y = -1 - 1. Let h be ((-15)/(-6))/((-1)/y). Suppose -h*l = -10*l + 15. Is l composite?
False
Let d(f) = 70*f**2 - f - 1. Let g be d(-1). Suppose -w = w - g. Is w a prime number?
False
Let d(x) be the first derivative of -x**3/3 - 4*x**2 + 3*x - 2. Let s be d(-7). Is ((-8)/s)/(2/(-35)) prime?
False
Let g = -1099 + 1728. Is g prime?
False
Let v be -5 + (6 - 9/3). Let i(q) = -17*q - 1. Is i(v) a prime number?
False
Suppose -r - 2*r + 6 = 0. Let y(i) = 13*i**3 - 3*i**2 + i - 2. Let m be y(r). Let a = -55 + m. Is a composite?
False
Suppose -5*v = -15, v = a + 5*v - 13. Is 2 + 0 + a - -136 a composite number?
False
Suppose 0 = u + 3*k - 570, k = -4*u + 2*k + 2215. Let z be (1 - (-1)/(-3))*u. Suppose -z = -5*a + 25. Is a composite?
False
Suppose x + 1 = 3. Suppose -x*r = -2*u + 24, -5*u + 26 + 26 = 3*r. Is u a prime number?
True
Let n(c) = 6*c + 3*c - c + 20*c - 1. Is n(3) a composite number?
False
Suppose -63 = -2*i + 55. Is i prime?
True
Let f = 300 - -245. Is f a composite number?
True
Let i be ((-3)/12)/((-1)/4). Let d = i - -4. Suppose -4*y = -d*y + 79. Is y prime?
True
Let u = 467 - 326. Is u composite?
True
Suppose 0 = 8*y - 2*y - 1254. Is y composite?
True
Is (-57456)/(-70) + 1/5 a prime number?
True
Let u = 353 - 252. Suppose 2*g - 93 = 3*h + 113, -g + u = -h. Is g composite?
False
Let x(t) = 16*t - 13. Is x(6) composite?
False
Let t(z) = -z**2 + 7*z - 3. Let c be 3/(1 + 2)*6. Let q be t(c). Suppose 0 = -7*v + q*v + 124. Is v prime?
True
Is (-2 - 3)/5*-155 a prime number?
False
Suppose 5 + 0 = v. Let g(o) = -8*o + 1. Let l be g(-6). Is l*(-2 + v + -2) a composite number?
True
Suppose 3*v + 26 = v. Is 1/((-14)/v + -1) composite?
False
Suppose -96 = z - 301. Is z composite?
True
Suppose -378 - 228 = -3*i. Is i prime?
False
Suppose -2*p = -494 - 168. Is p prime?
True
Suppose -3*o = -o - 8. Let q(j) = 55*j - 3. Is q(o) composite?
True
Let q = 12 - 17. Let i = 26 + q. Is i prime?
False
Let p = 1 - 0. Suppose -7 + p = -2*k. Is 37/k + 4/6 composite?
False
Let d(t) = -2*t**3 - 15*t**2 + 7*t + 2. Let y be d(-11). Suppose -5*n - y = 2*r, -r - 2*n + 143 = 531. Is r/(-5) - (-4)/(-20) prime?
True
Let w = 3 - 1. Suppose 6*a - 100 = w*a. Is a composite?
True
Let x be -8*(-2 + 6/4). Suppose -q - 5*b = -2 - 9, x*q - 3*b = 90. Is q prime?
False
Suppose 0 = 6*o - 7*o + 379. Is o composite?
False
Suppose -4*n = i + 2*i, 2*n = 3*i. Suppose -5*w - 6 + 21 = n. Is 6/w - 2 - -14 a prime number?
False
Suppose 2*o = -0*o - 496. Let j = -25 - o. Is j composite?
False
Suppose 5*p - 45 = -2*k - 2*k, -2*k + 5 = -p. Let t(y) = 19*y + 7. Let a be t(p). Suppose 4*u + 4*l = 68, -5*u - 3*l = -a + 25. Is u a prime number?
True
Let y be -2 + -25*(0 + -9). Let d = y + -141. Is d a prime number?
False
Suppose -5*q - 333 + 53 = 0. Let d = q - -122. Suppose d = 2*a + 2*z, -2*z + 61 = 4*a - 73. Is a a prime number?
False
Suppose 516 = 3*u - 2*u - 5*s, -u = 5*s - 566. Is u composite?
False
Suppose -2*t = -0*t - 16. Let w(j) = 12*j**2 - 12*j + 5. Is w(t) a prime number?
True
Suppose 0 = 4*d - 5*r, 4*d - r = 2*r. Let w be d/2*(1 + -2). Suppose w = 2*z - 50 + 12. Is z a prime number?
True
Is 4/(-10) + (-9485)/(-25) prime?
True
Suppose 162 = g - 4*g. Is (8/(-18))/(12/g) composite?
False
Suppose -5 = -i - 3. Suppose 0 = i*o + 5*h - 119, -h - 4*h + 25 = 0. Is o prime?
True
Suppose 564 = -5*v + 1619. Is v a composite number?
False
Let j = -599 + 1046. Is j prime?
False
Suppose -2*t + 49 = -13. Is t a composite number?
False
Let m(g) = 4*g**3 + g**2 - 4*g - 2. Suppose 0 = 5*j - 20. Is m(j) a prime number?
False
Suppose -4*u = 5*p - 8259, 0*u + 4*u = 2*p - 3326. Is p composite?
True
Suppose p - 283 = -5*j + 1195, -4*p = -3*j + 873. Is j prime?
False
Suppose 627 = 5*c + 3*s, -c + 44 = -s - 83. Suppose c = 3*q - 5*q. Let z = -40 - q. Is z a prime number?
True
Suppose 2*p + 4*u + 40 = u, -2*p - 2*u = 36. Is (-2)/p + 684/14 a prime number?
False
Suppose 170 = -2*r + 4*r + 4*k, -3*r - 2*k + 251 = 0. Is r composite?
False
Suppose -4*p - 316 = -4*o, 0*p = 5*o + 2*p - 395. Is o composite?
False
Let x be 7*(-1 + 1 + -1). Suppose 4*r - 2*n = -n - 167, 5*n - 205 = 5*r. Let m = x - r. Is m a prime number?
False
Let k = 109 + -55. Let i = -56 - -23. Let s = i + k. Is s composite?
True
Let a(y) = -y**2 - 6*y - 3. Let i be a(-5). Let j(m) = 32*m**2 + 2*m + 0 - 1 - 2*m**i + 0*m. Is j(1) a composite number?
False
Let v(a) = a**2 - 9*a + 8. Let b be v(8). Suppose y + 3*y = b. Suppose l + 15 - 61 = y. Is l prime?
False
Suppose 2*m = 4*m. Suppose 6*p - 2*p = 4*l + 984, 2*p - l - 493 = m. Is p a composite number?
True
Let p(q) = -q**3 + 7*q**2 - 7*q + 4. Let x be p(6). Let f = 4 + x. Suppose a = -5*c + 51, -f*c + 2*a - 1 = -19. Is c a prime number?
False
Let f = 559 + -305. Is f a prime number?
False
Let n = 5 - -2. Let w(q) = -n*q - q - 5*q. Is w(-1) prime?
True
Let z = 172 - 248. Let q = z + 253. Is q composite?
True
Suppose -3*n + 5*h = -85, 4*n - 4*h = -0*h + 124. Is n a prime number?
False
Suppose 0 = -14*w - 1240 + 11082. Is w prime?
False
Suppose -619 = -u - 2*k, 4*u - 1091 = 5*k + 1450. Suppose 2*m + 2*m + 1049 = 5*d, -u = -3*d + 2*m. Is d a prime number?
False
Suppose -27 + 10 = -j. Suppose j - 2 = 5*t. Is 35/(-3 - -7 - t) prime?
False
Suppose 0 = p + 5*w - 117, 2*w = -2*p + 133 + 77. Suppose 0 = -3*f + 165 + p. Is f composite?
False
Let m(y) = -y**3 - 6*y**2 - 2*y - 10. Let d be -10 - -3 - (-1 - -1). Is m(d) composite?
False
Let s be (-6)/(-15) + 11706/(-15). Let p = s + 1199. Is p prime?
True
Let r(f) be the first derivative of -3*f**2/2 - 40*f - 3. Let s(l) = l + 13. Let j(i) = -3*r(i) - 8*s(i). Is j(-13) a composite number?
False
Let d = 12 + -3. Let b(w) = 2*w**2 + 5*w + 4. Is b(d) composite?
False
Let v(z) = -z**3 - 7*z**2 + 3*z + 11. Let p be v(-9). Let q = -99 + p. Is q a composite number?
False
Let n be 0 + -3 - (43 - 0). Let f = n - 41. Let a = 124 + f. Is a prime?
True
Suppose 5*r - 5*g - 7330 = 0, 4*r - 5*g + 103 = 5968. Is r a prime number?
False
Let m be (-16)/6 - (-4)/6. Is m/(-6) - 176/(-3) a composite number?
False
Let x = 0 + -4. Let q = x + 20. Suppose -96 = -4*f - 5*h, 0 = -5*h + h + q. Is f composite?
False
Let m(t) = -1 + 4*t - 4*t - 159*t**2. Let j be m(2). Let l = j + 894. Is l a prime number?
True
Let p = 4 - 2. Suppose -236 = -4*x + p*x. Let r = x - 63. Is r a prime number?
False
Let i(m) = 2*m**2 - 2*m + 797. Is i(0) prime?
True
Le